on divisor of 27 and 504?
9
What is the highest common factor of 40 and 105?
5
Calculate the greatest common factor of 1974 and 21.
21
Calculate the highest common factor of 90 and 1280.
10
Calculate the highest common divisor of 46 and 253.
23
What is the highest common divisor of 35 and 3535?
35
What is the greatest common factor of 1805 and 380?
95
Calculate the highest common divisor of 112 and 1316.
28
Calculate the highest common factor of 879 and 6.
3
Calculate the greatest common divisor of 116 and 1711.
29
Calculate the greatest common divisor of 30 and 3320.
10
What is the greatest common divisor of 120 and 96?
24
Calculate the greatest common divisor of 539 and 55.
11
What is the highest common factor of 32 and 2224?
16
What is the greatest common divisor of 890 and 210?
10
What is the greatest common divisor of 224 and 273?
7
Calculate the highest common divisor of 1050 and 42.
42
Calculate the highest common factor of 14 and 224.
14
What is the highest common factor of 184 and 598?
46
Calculate the greatest common divisor of 15 and 885.
15
What is the greatest common divisor of 125 and 7675?
25
What is the greatest common divisor of 51 and 9707?
17
Calculate the greatest common divisor of 3 and 41.
1
What is the greatest common divisor of 273 and 21?
21
What is the highest common divisor of 3 and 30708?
3
Calculate the highest common factor of 923 and 13.
13
What is the highest common divisor of 18 and 30?
6
What is the greatest common divisor of 122 and 14579?
61
What is the highest common divisor of 9 and 537?
3
Calculate the highest common factor of 5388 and 12.
12
Calculate the highest common divisor of 2528 and 32.
32
Calculate the highest common factor of 869 and 158.
79
Calculate the highest common divisor of 8342 and 215.
43
Calculate the greatest common factor of 14952 and 72.
24
What is the highest common divisor of 5444 and 8?
4
What is the greatest common factor of 969 and 57?
57
What is the greatest common factor of 40 and 3020?
20
Calculate the highest common divisor of 45 and 120.
15
Calculate the greatest common factor of 7117 and 22.
11
Calculate the highest common divisor of 28 and 196.
28
What is the highest common factor of 760 and 40?
40
What is the highest common factor of 45 and 435?
15
What is the highest common divisor of 50 and 2350?
50
Calculate the greatest common divisor of 204 and 492.
12
Calculate the greatest common divisor of 186 and 341.
31
What is the highest common divisor of 23 and 207?
23
What is the highest common divisor of 58 and 17777?
29
Calculate the greatest common factor of 350 and 105.
35
Calculate the greatest common divisor of 124 and 248.
124
Calculate the greatest common divisor of 1512 and 84.
84
What is the greatest common factor of 162 and 72?
18
Calculate the highest common divisor of 1364 and 1116.
124
Calculate the greatest common divisor of 16 and 12.
4
What is the highest common divisor of 273 and 133?
7
What is the greatest common divisor of 16 and 158896?
16
Calculate the highest common factor of 23 and 115.
23
What is the greatest common divisor of 596 and 149?
149
What is the greatest common factor of 406 and 29?
29
Calculate the highest common factor of 272 and 204.
68
Calculate the highest common divisor of 6 and 30.
6
What is the highest common divisor of 83 and 2573?
83
What is the highest common factor of 19 and 12863?
19
Calculate the highest common factor of 49 and 14.
7
Calculate the greatest common divisor of 4 and 8108.
4
What is the highest common factor of 50 and 190?
10
What is the greatest common divisor of 2568 and 2033?
107
What is the greatest common factor of 316 and 237?
79
What is the greatest common factor of 675 and 27?
27
Calculate the highest common factor of 2928 and 80.
16
Calculate the greatest common divisor of 14 and 24.
2
Calculate the greatest common factor of 345 and 437.
23
Calculate the greatest common divisor of 434 and 14.
14
Calculate the greatest common factor of 43 and 301.
43
What is the highest common divisor of 88 and 3784?
88
Calculate the greatest common divisor of 154 and 44.
22
What is the highest common factor of 92 and 138?
46
Calculate the greatest common divisor of 54 and 135.
27
What is the highest common divisor of 217 and 62?
31
What is the highest common divisor of 99 and 275?
11
What is the greatest common divisor of 1440 and 324?
36
Calculate the highest common divisor of 205 and 82.
41
Calculate the highest common divisor of 2778 and 24.
6
What is the greatest common divisor of 297 and 132?
33
What is the highest common divisor of 455 and 10?
5
What is the highest common divisor of 725 and 25?
25
Calculate the highest common factor of 11176 and 88.
88
What is the greatest common divisor of 16962 and 110?
22
What is the greatest common factor of 35 and 140?
35
Calculate the highest common divisor of 2592 and 81.
81
Calculate the highest common factor of 1045 and 4275.
95
What is the greatest common factor of 5 and 18980?
5
What is the greatest common factor of 48 and 272?
16
What is the highest common divisor of 532 and 608?
76
Calculate the highest common divisor of 29 and 725.
29
What is the greatest common factor of 144 and 1800?
72
Calculate the highest common divisor of 448 and 35.
7
What is the highest common divisor of 27 and 6?
3
Calculate the greatest common factor of 11 and 118.
1
What is the greatest common divisor of 40 and 484?
4
Calculate the highest common divisor of 4468 and 24.
4
What is the greatest common divisor of 561 and 154?
11
What is the greatest common factor of 1815 and 4125?
165
Calculate the greatest common divisor of 608 and 512.
32
What is the highest common divisor of 58 and 19024?
58
What is the greatest common divisor of 737 and 22?
11
Calculate the highest common divisor of 104600 and 10.
10
Calculate the highest common factor of 66 and 561.
33
Calculate the greatest common factor of 258 and 172.
86
What is the greatest common factor of 14 and 133?
7
Calculate the greatest common divisor of 2 and 353.
1
What is the greatest common divisor of 128 and 20?
4
What is the highest common factor of 4658 and 68?
34
What is the greatest common factor of 1328 and 80?
16
Calculate the greatest common divisor of 736 and 23.
23
Calculate the greatest common factor of 80 and 10.
10
Calculate the greatest common divisor of 120 and 552.
24
Calculate the greatest common factor of 392 and 504.
56
Calculate the highest common factor of 1081 and 141.
47
What is the highest common divisor of 39 and 7683?
39
What is the greatest common divisor of 125 and 525?
25
What is the greatest common factor of 817 and 731?
43
What is the highest common divisor of 6612 and 57?
57
Calculate the greatest common divisor of 6735 and 105.
15
What is the greatest common divisor of 9 and 62082?
9
What is the highest common divisor of 13 and 35269?
13
What is the highest common divisor of 48 and 30?
6
Calculate the greatest common factor of 7475 and 275.
25
What is the highest common divisor of 8281 and 65?
13
Calculate the highest common divisor of 240 and 18.
6
What is the greatest common factor of 10 and 3590?
10
Calculate the greatest common divisor of 36 and 468.
36
Calculate the greatest common factor of 1200 and 48.
48
Calculate the greatest common divisor of 1312 and 32.
32
What is the greatest common divisor of 37 and 4699?
37
Calculate the highest common factor of 1313 and 39.
13
What is the greatest common factor of 144 and 768?
48
Calculate the greatest common factor of 10 and 90.
10
What is the highest common divisor of 1308 and 60?
12
Calculate the highest common factor of 1 and 1233.
1
What is the greatest common factor of 6985 and 165?
55
What is the highest common factor of 280 and 70?
70
Calculate the highest common factor of 1073 and 703.
37
What is the greatest common factor of 102 and 153?
51
Calculate the highest common divisor of 35 and 126.
7
What is the greatest common factor of 256 and 416?
32
Calculate the greatest common divisor of 1480 and 37.
37
Calculate the highest common factor of 819 and 13.
13
What is the greatest common divisor of 5740 and 140?
140
What is the greatest common divisor of 234 and 8514?
18
What is the greatest common divisor of 10 and 17590?
10
What is the highest co